{"id":99,"date":"2013-03-21T00:57:17","date_gmt":"2013-03-20T22:57:17","guid":{"rendered":"http:\/\/www.taaksi.vil.ee\/?page_id=99"},"modified":"2013-03-28T12:11:42","modified_gmt":"2013-03-28T10:11:42","slug":"tere-kevad","status":"publish","type":"page","link":"https:\/\/www.taaksi.vil.ee\/?page_id=99","title":{"rendered":"Tere, kevad"},"content":{"rendered":"<p><span style=\"line-height: 1.4em;\">Kevadiste fenoloogiliste loodusvaatluste k\u00e4igus uurivad osalevad \u00f5pilased kevade saabumisest ja muutustest m\u00e4rku andvaid kevadekuulutajaid (kevadel \u00f5itsevad taimed, r\u00e4ndlinnud, esimestena ilmuvad liblikad), mis on \u00fchised k\u00f5igile vaatlustes osalejatele, ning panevad kirja nende ilmumise aja, et teha kindlaks kevade saabumise ajaline erinevus Eestis. K\u00f5ik loomad ja taimed on p\u00fc\u00fctud valida nii, et nad oleksid kogu Eestis suhteliselt tavalised ning \u00e4ratuntavad ka nooremate laste poolt. Kirja pannakse liikide esmakordse kas n\u00e4gemise v\u00f5i kuulmise kuup\u00e4ev.<\/span><\/p>\n<p align=\"justify\">Kogutud andmed lisatakse osalejate poolt veebip\u00f5hisesse andmebaasi ja on sealt ka koheselt k\u00f5igile k\u00e4ttesaadavad. Kasutades nende endi poolt loodud andmebaasi uurivad \u00f5pilased geograafilise asendi m\u00f5ju ilmastiku muutustele kevadel. Andmeid v\u00e4ljastatakse andmebaasist s\u00f5ltuvalt p\u00e4ringust kas andmetabelitena v\u00f5i animeeritud kaartidena, mis n\u00e4itavad kevadekuulutajate ilmumist Eesti eri paigus.<\/p>\n<p align=\"justify\">Peale vaatluste on k\u00f5igil v\u00f5imalik (aga mitte kohustuslik) osa v\u00f5tta veel mitmetest lisategevustest \u2013 luuletada, joonistada, pildistada, osaleda viktoriinis ning postitada oma muljeid loodusvaatlustest foorumisse.<\/p>\n<p align=\"justify\"><strong>Meie kooli \u00f5pilased on projektis osalenud alates 2002. aastast.<\/strong><\/p>\n","protected":false},"excerpt":{"rendered":"<p>Kevadiste fenoloogiliste loodusvaatluste k\u00e4igus uurivad osalevad \u00f5pilased kevade saabumisest ja muutustest m\u00e4rku andvaid kevadekuulutajaid (kevadel \u00f5itsevad taimed, r\u00e4ndlinnud, esimestena ilmuvad liblikad), mis on \u00fchised k\u00f5igile vaatlustes osalejatele, ning panevad kirja nende ilmumise aja, et teha kindlaks kevade saabumise ajaline erinevus Eestis. K\u00f5ik loomad ja taimed on p\u00fc\u00fctud valida nii, et nad oleksid kogu Eestis suhteliselt [&hellip;]<\/p>\n","protected":false},"author":2,"featured_media":0,"parent":40,"menu_order":5,"comment_status":"closed","ping_status":"closed","template":"","meta":{"footnotes":""},"class_list":["post-99","page","type-page","status-publish","hentry"],"_links":{"self":[{"href":"https:\/\/www.taaksi.vil.ee\/index.php?rest_route=\/wp\/v2\/pages\/99"}],"collection":[{"href":"https:\/\/www.taaksi.vil.ee\/index.php?rest_route=\/wp\/v2\/pages"}],"about":[{"href":"https:\/\/www.taaksi.vil.ee\/index.php?rest_route=\/wp\/v2\/types\/page"}],"author":[{"embeddable":true,"href":"https:\/\/www.taaksi.vil.ee\/index.php?rest_route=\/wp\/v2\/users\/2"}],"replies":[{"embeddable":true,"href":"https:\/\/www.taaksi.vil.ee\/index.php?rest_route=%2Fwp%2Fv2%2Fcomments&post=99"}],"version-history":[{"count":4,"href":"https:\/\/www.taaksi.vil.ee\/index.php?rest_route=\/wp\/v2\/pages\/99\/revisions"}],"predecessor-version":[{"id":244,"href":"https:\/\/www.taaksi.vil.ee\/index.php?rest_route=\/wp\/v2\/pages\/99\/revisions\/244"}],"up":[{"embeddable":true,"href":"https:\/\/www.taaksi.vil.ee\/index.php?rest_route=\/wp\/v2\/pages\/40"}],"wp:attachment":[{"href":"https:\/\/www.taaksi.vil.ee\/index.php?rest_route=%2Fwp%2Fv2%2Fmedia&parent=99"}],"curies":[{"name":"wp","href":"https:\/\/api.w.org\/{rel}","templated":true}]}}