{"id":7,"date":"2013-03-16T23:44:41","date_gmt":"2013-03-16T21:44:41","guid":{"rendered":"http:\/\/www.taaksi.vil.ee\/?page_id=7"},"modified":"2015-03-07T23:11:16","modified_gmt":"2015-03-07T21:11:16","slug":"ajalugu","status":"publish","type":"page","link":"https:\/\/www.taaksi.vil.ee\/?page_id=7","title":{"rendered":"Ajalugu"},"content":{"rendered":"<p><center><\/center><span style=\"font-family: Verdana;\"><span style=\"color: #000000;\">1875 \u2013 alustas t\u00f6\u00f6d Tillu-Reinu vallakool<\/span><\/span><br \/>\n<span style=\"font-family: Verdana;\"><span style=\"color: #000000;\">1877 \u2013 muudeti kool 3-klassiliseks<\/span><\/span><br \/>\n<span style=\"font-family: Verdana;\"><span style=\"color: #000000;\">1919 \u2013 4-klassilises koolis \u00f5ppis 129 \u00f5pilast<\/span><\/span><br \/>\n<span style=\"font-family: Verdana;\"><span style=\"color: #000000;\">1925 \u2013 t\u00f6\u00f6tas 5-klassiline kool<\/span><\/span><br \/>\n<span style=\"font-family: Verdana;\"><span style=\"color: #000000;\">1927 \u2013 kool muudeti 6-klassiliseks<\/span><\/span><br \/>\n<span style=\"font-family: Verdana;\"><span style=\"color: #000000;\">1929 \u2013 pandi uuele koolimajale nurgakivi<\/span><\/span><br \/>\n<span style=\"font-family: Verdana;\"><span style=\"color: #000000;\">1931 \u2013 avati Tillu-Reinu uus koolihoone<\/span><\/span><br \/>\n<span style=\"font-family: Verdana;\"><span style=\"color: #000000;\">1939 \u2013 T\u00e4\u00e4ksi Mittet\u00e4ielik Keskkool, 7-klassilises koolis on 191 \u00f5pilast<\/span><\/span><br \/>\n<span style=\"font-family: Verdana;\"><span style=\"color: #000000;\">1948 \u2013 suurim \u00f5pilaste arv kooli ajaloos \u2013 224<\/span><\/span><br \/>\n<span style=\"font-family: Verdana;\"><span style=\"color: #000000;\">1952 \u2013 T\u00e4\u00e4ksi 7-klassiline Kool<\/span><\/span><br \/>\n<span style=\"font-family: Verdana;\"><span style=\"color: #000000;\">1961 \u2013 T\u00e4\u00e4ksi 8-klassiline Kool<\/span><\/span><br \/>\n<span style=\"font-family: Verdana;\"><span style=\"color: #000000;\">1964 \u2013 valmib kooli juurdeehitus<\/span><\/span><br \/>\n<span style=\"font-family: Verdana;\"><span style=\"color: #000000;\">1986 \u2013 T\u00e4\u00e4ksi 9-klassiline Kool, ehitati staadion<\/span><\/span><br \/>\n<span style=\"font-family: Verdana;\"><span style=\"color: #000000;\">1988 \u2013 likvideeriti kooli internaat ja kaotati pikap\u00e4evakool<\/span><\/span><br \/>\n<span style=\"font-family: Verdana;\"><span style=\"color: #000000;\">1989 \u2013 t\u00f6\u00f6d alustas kooli raamatukogu<\/span><\/span><br \/>\n<span style=\"font-family: Verdana;\"><span style=\"color: #000000;\">1992 \u2013 T\u00e4\u00e4ksi P\u00f5hikool<\/span><\/span><br \/>\n<span style=\"font-family: Verdana;\"><span style=\"color: #000000;\">1997 \u2013 esimene arvuti<\/span><\/span><br \/>\n<span style=\"font-family: Verdana;\"><span style=\"color: #000000;\">1998 \u2013 arvutiklass 5 arvutiga<\/span><\/span><br \/>\n<span style=\"font-family: Verdana;\"><span style=\"color: #000000;\">2000 \u2013 alustati\u00a0spordihoone\u00a0ehitust, koolis \u00f5pib 134 last<\/span><\/span><br \/>\n<span style=\"font-family: Verdana;\"><span style=\"color: #000000;\">2001 &#8211; 1. septembril avati uus\u00a0spordihoone<br \/>\n2014 &#8211; muudeti Suure-Jaani Kooli tegevuskohaks ja avati lasteaiar\u00fchm<\/span><\/span><\/p>\n<p>&nbsp;<\/p>\n<p><center><strong><span style=\"font-family: Verdana;\">T\u00c4\u00c4KSI KOOLI LOGO AASTAST 1997<\/span><\/strong><\/center><span style=\"font-family: Verdana;\"><span style=\"color: #000000;\">Kujundatud roseti kompositsioon toetub vanale legendile, kus T\u00e4\u00e4ksi (\u00d5nniste) elanikud oma k\u00fclale punase l\u00f5nga \u00fcmber t\u00f5mbasid, et Katk neid ei m\u00e4rkaks. Punane l\u00f5ng on kujunduses s\u00f5lmitud keskajal tuntud \u00f5nnes\u00f5lme, mustad s\u00e4\u00e4reluud s\u00fcmboliseerivad personifitseeritud katku (laiemalt maailma kurjust), mille eest tahab kodukant ja Tillu-Reinu kool neid kaitsta.<\/span><\/span><br \/>\n<span style=\"font-family: Verdana;\"><span style=\"color: #000000;\">Selgituse ja logo autor on koduvalla kunstnik T\u00d5NU KUKK<\/span><\/span><\/p>\n<p><center><span style=\"font-family: Verdana;\"><span style=\"color: #000000;\">\u00a0\u00a0\u00a0\u00a0<strong>Direktorid l\u00e4bi aegade<\/strong><\/span><\/span><\/center><span style=\"font-family: Verdana;\"><span style=\"color: #000000;\">Jaan Moor\u00a0 1875 \u2013 1883<\/span><\/span><br \/>\n<span style=\"font-family: Verdana;\"><span style=\"color: #000000;\">Jaan Hansen\u00a0 1883 \u2013 1911<\/span><\/span><br \/>\n<span style=\"font-family: Verdana;\"><span style=\"color: #000000;\">Johannes Laur 1911 \u2013 1934<\/span><\/span><br \/>\n<span style=\"font-family: Verdana;\"><span style=\"color: #000000;\">Jaan J\u00fcrgen\u00a0 1934 \u2013 1940<\/span><\/span><br \/>\n<span style=\"font-family: Verdana;\"><span style=\"color: #000000;\">August Kirsel 1940 \u2013 1950<\/span><\/span><br \/>\n<span style=\"font-family: Verdana;\"><span style=\"color: #000000;\">Ester K\u00f5rgesaar 1950 \u2013 1952<\/span><\/span><br \/>\n<span style=\"font-family: Verdana;\"><span style=\"color: #000000;\">Endel P\u00e4eva\u00a0 1952 \u2013 1973<\/span><\/span><br \/>\n<span style=\"font-family: Verdana;\"><span style=\"color: #000000;\">Elmar Kalmus\u00a0 1973 \u2013 1974<\/span><\/span><br \/>\n<span style=\"font-family: Verdana;\"><span style=\"color: #000000;\">Tiiu Bakhoff 1974 \u2013 1978<\/span><\/span><br \/>\n<span style=\"font-family: Verdana;\"><span style=\"color: #000000;\">Jaan Hansen\u00a0 1978 \u2013 2013<br \/>\nMargus Mikkor 2013 &#8211; 2014\u00a0<\/span><\/span><\/p>\n","protected":false},"excerpt":{"rendered":"<p>1875 \u2013 alustas t\u00f6\u00f6d Tillu-Reinu vallakool 1877 \u2013 muudeti kool 3-klassiliseks 1919 \u2013 4-klassilises koolis \u00f5ppis 129 \u00f5pilast 1925 \u2013 t\u00f6\u00f6tas 5-klassiline kool 1927 \u2013 kool muudeti 6-klassiliseks 1929 \u2013 pandi uuele koolimajale nurgakivi 1931 \u2013 avati Tillu-Reinu uus koolihoone 1939 \u2013 T\u00e4\u00e4ksi Mittet\u00e4ielik Keskkool, 7-klassilises koolis on 191 \u00f5pilast 1948 \u2013 suurim \u00f5pilaste arv [&hellip;]<\/p>\n","protected":false},"author":1,"featured_media":0,"parent":0,"menu_order":9,"comment_status":"closed","ping_status":"closed","template":"","meta":{"footnotes":""},"class_list":["post-7","page","type-page","status-publish","hentry"],"_links":{"self":[{"href":"https:\/\/www.taaksi.vil.ee\/index.php?rest_route=\/wp\/v2\/pages\/7"}],"collection":[{"href":"https:\/\/www.taaksi.vil.ee\/index.php?rest_route=\/wp\/v2\/pages"}],"about":[{"href":"https:\/\/www.taaksi.vil.ee\/index.php?rest_route=\/wp\/v2\/types\/page"}],"author":[{"embeddable":true,"href":"https:\/\/www.taaksi.vil.ee\/index.php?rest_route=\/wp\/v2\/users\/1"}],"replies":[{"embeddable":true,"href":"https:\/\/www.taaksi.vil.ee\/index.php?rest_route=%2Fwp%2Fv2%2Fcomments&post=7"}],"version-history":[{"count":8,"href":"https:\/\/www.taaksi.vil.ee\/index.php?rest_route=\/wp\/v2\/pages\/7\/revisions"}],"predecessor-version":[{"id":1907,"href":"https:\/\/www.taaksi.vil.ee\/index.php?rest_route=\/wp\/v2\/pages\/7\/revisions\/1907"}],"wp:attachment":[{"href":"https:\/\/www.taaksi.vil.ee\/index.php?rest_route=%2Fwp%2Fv2%2Fmedia&parent=7"}],"curies":[{"name":"wp","href":"https:\/\/api.w.org\/{rel}","templated":true}]}}