{"id":5641,"date":"2022-09-06T16:55:08","date_gmt":"2022-09-06T14:55:08","guid":{"rendered":"http:\/\/www.taaksi.vil.ee\/?page_id=5641"},"modified":"2022-09-06T17:01:57","modified_gmt":"2022-09-06T15:01:57","slug":"taaksi-kooli-logo-lugu","status":"publish","type":"page","link":"https:\/\/www.taaksi.vil.ee\/?page_id=5641","title":{"rendered":"T\u00e4\u00e4ksi kooli logo lugu"},"content":{"rendered":"<p><center><strong><span style=\"font-family: Verdana;\">T\u00c4\u00c4KSI KOOLI LOGO AASTAST 1997<\/span><\/strong><\/center><span style=\"font-family: Verdana;\"><span style=\"color: #000000;\">Kujundatud roseti kompositsioon toetub vanale legendile, kus T\u00e4\u00e4ksi (\u00d5nniste) elanikud oma k\u00fclale punase l\u00f5nga \u00fcmber t\u00f5mbasid, et Katk neid ei m\u00e4rkaks. Punane l\u00f5ng on kujunduses s\u00f5lmitud keskajal tuntud \u00f5nnes\u00f5lme, mustad s\u00e4\u00e4reluud s\u00fcmboliseerivad personifitseeritud katku (laiemalt maailma kurjust), mille eest tahab kodukant ja Tillu-Reinu kool neid kaitsta.<\/span><\/span><br \/>\n<span style=\"font-family: Verdana;\"><span style=\"color: #000000;\">Selgituse ja logo autor on koduvalla kunstnik T\u00d5NU KUKK<\/span><\/span><\/p>\n","protected":false},"excerpt":{"rendered":"<p>T\u00c4\u00c4KSI KOOLI LOGO AASTAST 1997Kujundatud roseti kompositsioon toetub vanale legendile, kus T\u00e4\u00e4ksi (\u00d5nniste) elanikud oma k\u00fclale punase l\u00f5nga \u00fcmber t\u00f5mbasid, et Katk neid ei m\u00e4rkaks. Punane l\u00f5ng on kujunduses s\u00f5lmitud keskajal tuntud \u00f5nnes\u00f5lme, mustad s\u00e4\u00e4reluud s\u00fcmboliseerivad personifitseeritud katku (laiemalt maailma kurjust), mille eest tahab kodukant ja Tillu-Reinu kool neid kaitsta. Selgituse ja logo autor on [&hellip;]<\/p>\n","protected":false},"author":4,"featured_media":0,"parent":7,"menu_order":1,"comment_status":"closed","ping_status":"closed","template":"","meta":{"footnotes":""},"class_list":["post-5641","page","type-page","status-publish","hentry"],"_links":{"self":[{"href":"https:\/\/www.taaksi.vil.ee\/index.php?rest_route=\/wp\/v2\/pages\/5641"}],"collection":[{"href":"https:\/\/www.taaksi.vil.ee\/index.php?rest_route=\/wp\/v2\/pages"}],"about":[{"href":"https:\/\/www.taaksi.vil.ee\/index.php?rest_route=\/wp\/v2\/types\/page"}],"author":[{"embeddable":true,"href":"https:\/\/www.taaksi.vil.ee\/index.php?rest_route=\/wp\/v2\/users\/4"}],"replies":[{"embeddable":true,"href":"https:\/\/www.taaksi.vil.ee\/index.php?rest_route=%2Fwp%2Fv2%2Fcomments&post=5641"}],"version-history":[{"count":2,"href":"https:\/\/www.taaksi.vil.ee\/index.php?rest_route=\/wp\/v2\/pages\/5641\/revisions"}],"predecessor-version":[{"id":5647,"href":"https:\/\/www.taaksi.vil.ee\/index.php?rest_route=\/wp\/v2\/pages\/5641\/revisions\/5647"}],"up":[{"embeddable":true,"href":"https:\/\/www.taaksi.vil.ee\/index.php?rest_route=\/wp\/v2\/pages\/7"}],"wp:attachment":[{"href":"https:\/\/www.taaksi.vil.ee\/index.php?rest_route=%2Fwp%2Fv2%2Fmedia&parent=5641"}],"curies":[{"name":"wp","href":"https:\/\/api.w.org\/{rel}","templated":true}]}}