{"id":2578,"date":"2016-06-26T20:43:48","date_gmt":"2016-06-26T18:43:48","guid":{"rendered":"http:\/\/www.taaksi.vil.ee\/?page_id=2578"},"modified":"2024-09-02T19:34:34","modified_gmt":"2024-09-02T17:34:34","slug":"taaksi-kooli-lopetajad-aastal-2016-6-klass","status":"publish","type":"page","link":"https:\/\/www.taaksi.vil.ee\/?page_id=2578","title":{"rendered":"T\u00e4\u00e4ksi kooli l\u00f5petajad aastal 2016 (6. klass)"},"content":{"rendered":"<p>1. Rasmus Leppik<br \/>\n2. Aivis L\u00e4nds<br \/>\n3. Teisi Toomsalu<br \/>\n<a href=\"http:\/\/www.taaksi.vil.ee\/wp-content\/uploads\/2016\/06\/2016_6_klass.jpg\" rel=\"attachment wp-att-2579\"><img loading=\"lazy\" decoding=\"async\" class=\"alignnone size-full wp-image-2579\" src=\"http:\/\/www.taaksi.vil.ee\/wp-content\/uploads\/2016\/06\/2016_6_klass.jpg\" alt=\"2016_6_klass\" width=\"1000\" height=\"665\" srcset=\"https:\/\/www.taaksi.vil.ee\/wp-content\/uploads\/2016\/06\/2016_6_klass.jpg 1000w, https:\/\/www.taaksi.vil.ee\/wp-content\/uploads\/2016\/06\/2016_6_klass-300x200.jpg 300w, https:\/\/www.taaksi.vil.ee\/wp-content\/uploads\/2016\/06\/2016_6_klass-768x511.jpg 768w, https:\/\/www.taaksi.vil.ee\/wp-content\/uploads\/2016\/06\/2016_6_klass-451x300.jpg 451w\" sizes=\"(max-width: 1000px) 100vw, 1000px\" \/><\/a><\/p>\n","protected":false},"excerpt":{"rendered":"<p>1. Rasmus Leppik 2. Aivis L\u00e4nds 3. Teisi Toomsalu<\/p>\n","protected":false},"author":2,"featured_media":0,"parent":51,"menu_order":0,"comment_status":"closed","ping_status":"closed","template":"","meta":{"footnotes":""},"class_list":["post-2578","page","type-page","status-publish","hentry"],"_links":{"self":[{"href":"https:\/\/www.taaksi.vil.ee\/index.php?rest_route=\/wp\/v2\/pages\/2578"}],"collection":[{"href":"https:\/\/www.taaksi.vil.ee\/index.php?rest_route=\/wp\/v2\/pages"}],"about":[{"href":"https:\/\/www.taaksi.vil.ee\/index.php?rest_route=\/wp\/v2\/types\/page"}],"author":[{"embeddable":true,"href":"https:\/\/www.taaksi.vil.ee\/index.php?rest_route=\/wp\/v2\/users\/2"}],"replies":[{"embeddable":true,"href":"https:\/\/www.taaksi.vil.ee\/index.php?rest_route=%2Fwp%2Fv2%2Fcomments&post=2578"}],"version-history":[{"count":2,"href":"https:\/\/www.taaksi.vil.ee\/index.php?rest_route=\/wp\/v2\/pages\/2578\/revisions"}],"predecessor-version":[{"id":2581,"href":"https:\/\/www.taaksi.vil.ee\/index.php?rest_route=\/wp\/v2\/pages\/2578\/revisions\/2581"}],"up":[{"embeddable":true,"href":"https:\/\/www.taaksi.vil.ee\/index.php?rest_route=\/wp\/v2\/pages\/51"}],"wp:attachment":[{"href":"https:\/\/www.taaksi.vil.ee\/index.php?rest_route=%2Fwp%2Fv2%2Fmedia&parent=2578"}],"curies":[{"name":"wp","href":"https:\/\/api.w.org\/{rel}","templated":true}]}}