{"id":181,"date":"2013-03-27T23:36:13","date_gmt":"2013-03-27T21:36:13","guid":{"rendered":"http:\/\/www.taaksi.vil.ee\/?page_id=181"},"modified":"2014-09-02T00:30:26","modified_gmt":"2014-09-01T22:30:26","slug":"4-klass","status":"publish","type":"page","link":"https:\/\/www.taaksi.vil.ee\/?page_id=181","title":{"rendered":"6. klass"},"content":{"rendered":"<p><a href=\"http:\/\/www.taaksi.vil.ee\/wp-content\/uploads\/2013\/03\/6-klass.jpg\"><img loading=\"lazy\" decoding=\"async\" class=\"alignnone size-full wp-image-1368\" title=\"6 klass\" src=\"http:\/\/www.taaksi.vil.ee\/wp-content\/uploads\/2013\/03\/6-klass.jpg\" alt=\"\" width=\"520\" height=\"390\" srcset=\"https:\/\/www.taaksi.vil.ee\/wp-content\/uploads\/2013\/03\/6-klass.jpg 520w, https:\/\/www.taaksi.vil.ee\/wp-content\/uploads\/2013\/03\/6-klass-300x224.jpg 300w, https:\/\/www.taaksi.vil.ee\/wp-content\/uploads\/2013\/03\/6-klass-400x300.jpg 400w\" sizes=\"(max-width: 520px) 100vw, 520px\" \/><\/a><\/p>\n<p>1. Martin Hirv<br \/>\n<span style=\"line-height: 1.4em;\">2. \u00c4rbi J\u00fcrmann<br \/>\n<\/span><span style=\"line-height: 1.4em;\">3. T\u00f5ru-T\u00f5nn Parts<br \/>\n<\/span><span style=\"line-height: 1.4em;\">4. Dan-Denry Sarjas<br \/>\n5.\u00a0Dorisanna \u0160ohirev<br \/>\n<\/span><span style=\"line-height: 1.4em;\">6. Gerly Tamm<\/span><\/p>\n<p>Klassijuhataja Marje Brauer<\/p>\n","protected":false},"excerpt":{"rendered":"<p>1. Martin Hirv 2. \u00c4rbi J\u00fcrmann 3. T\u00f5ru-T\u00f5nn Parts 4. Dan-Denry Sarjas 5.\u00a0Dorisanna \u0160ohirev 6. Gerly Tamm Klassijuhataja Marje Brauer<\/p>\n","protected":false},"author":2,"featured_media":0,"parent":76,"menu_order":6,"comment_status":"closed","ping_status":"closed","template":"","meta":{"footnotes":""},"class_list":["post-181","page","type-page","status-publish","hentry"],"_links":{"self":[{"href":"https:\/\/www.taaksi.vil.ee\/index.php?rest_route=\/wp\/v2\/pages\/181"}],"collection":[{"href":"https:\/\/www.taaksi.vil.ee\/index.php?rest_route=\/wp\/v2\/pages"}],"about":[{"href":"https:\/\/www.taaksi.vil.ee\/index.php?rest_route=\/wp\/v2\/types\/page"}],"author":[{"embeddable":true,"href":"https:\/\/www.taaksi.vil.ee\/index.php?rest_route=\/wp\/v2\/users\/2"}],"replies":[{"embeddable":true,"href":"https:\/\/www.taaksi.vil.ee\/index.php?rest_route=%2Fwp%2Fv2%2Fcomments&post=181"}],"version-history":[{"count":5,"href":"https:\/\/www.taaksi.vil.ee\/index.php?rest_route=\/wp\/v2\/pages\/181\/revisions"}],"predecessor-version":[{"id":1370,"href":"https:\/\/www.taaksi.vil.ee\/index.php?rest_route=\/wp\/v2\/pages\/181\/revisions\/1370"}],"up":[{"embeddable":true,"href":"https:\/\/www.taaksi.vil.ee\/index.php?rest_route=\/wp\/v2\/pages\/76"}],"wp:attachment":[{"href":"https:\/\/www.taaksi.vil.ee\/index.php?rest_route=%2Fwp%2Fv2%2Fmedia&parent=181"}],"curies":[{"name":"wp","href":"https:\/\/api.w.org\/{rel}","templated":true}]}}