{"id":143,"date":"2013-03-24T15:11:29","date_gmt":"2013-03-24T13:11:29","guid":{"rendered":"http:\/\/www.taaksi.vil.ee\/?page_id=143"},"modified":"2022-09-06T18:00:30","modified_gmt":"2022-09-06T16:00:30","slug":"kumnevoistlus-taaksis","status":"publish","type":"page","link":"https:\/\/www.taaksi.vil.ee\/?page_id=143","title":{"rendered":"K\u00fcmnev\u00f5istlus T\u00e4\u00e4ksis"},"content":{"rendered":"<p><a href=\"http:\/\/faleza.taaksi.vil.ee\/10voistlus\/10voistl.htm\" target=\"_blank\">K\u00fcmnev\u00f5istlus T\u00e4\u00e4ksis<\/a><\/p>\n","protected":false},"excerpt":{"rendered":"<p>K\u00fcmnev\u00f5istlus T\u00e4\u00e4ksis<\/p>\n","protected":false},"author":2,"featured_media":0,"parent":31,"menu_order":7,"comment_status":"closed","ping_status":"closed","template":"","meta":{"footnotes":""},"class_list":["post-143","page","type-page","status-publish","hentry"],"_links":{"self":[{"href":"https:\/\/www.taaksi.vil.ee\/index.php?rest_route=\/wp\/v2\/pages\/143"}],"collection":[{"href":"https:\/\/www.taaksi.vil.ee\/index.php?rest_route=\/wp\/v2\/pages"}],"about":[{"href":"https:\/\/www.taaksi.vil.ee\/index.php?rest_route=\/wp\/v2\/types\/page"}],"author":[{"embeddable":true,"href":"https:\/\/www.taaksi.vil.ee\/index.php?rest_route=\/wp\/v2\/users\/2"}],"replies":[{"embeddable":true,"href":"https:\/\/www.taaksi.vil.ee\/index.php?rest_route=%2Fwp%2Fv2%2Fcomments&post=143"}],"version-history":[{"count":5,"href":"https:\/\/www.taaksi.vil.ee\/index.php?rest_route=\/wp\/v2\/pages\/143\/revisions"}],"predecessor-version":[{"id":2790,"href":"https:\/\/www.taaksi.vil.ee\/index.php?rest_route=\/wp\/v2\/pages\/143\/revisions\/2790"}],"up":[{"embeddable":true,"href":"https:\/\/www.taaksi.vil.ee\/index.php?rest_route=\/wp\/v2\/pages\/31"}],"wp:attachment":[{"href":"https:\/\/www.taaksi.vil.ee\/index.php?rest_route=%2Fwp%2Fv2%2Fmedia&parent=143"}],"curies":[{"name":"wp","href":"https:\/\/api.w.org\/{rel}","templated":true}]}}