{"id":1397,"date":"2014-09-09T19:32:48","date_gmt":"2014-09-09T17:32:48","guid":{"rendered":"http:\/\/www.taaksi.vil.ee\/?page_id=1397"},"modified":"2022-09-05T22:54:36","modified_gmt":"2022-09-05T20:54:36","slug":"kodukord-2","status":"publish","type":"page","link":"https:\/\/www.taaksi.vil.ee\/?page_id=1397","title":{"rendered":"P\u00e4evakava ja kodukord"},"content":{"rendered":"<p><a href=\"http:\/\/www.taaksi.vil.ee\/wp-content\/uploads\/2017\/03\/taksikute_paevakava.pdf\" target=\"_blank\">T\u00e4\u00e4ksi lasteaia p\u00e4evakava<\/a><\/p>\n<p>T\u00e4\u00e4ksi lasteaia kodukord:\u00a0<a href=\"https:\/\/www.sjk.edu.ee\/et\/taksikud\">https:\/\/www.sjk.edu.ee\/et\/taksikud<\/a><\/p>\n<p>&nbsp;<\/p>\n","protected":false},"excerpt":{"rendered":"<p>T\u00e4\u00e4ksi lasteaia p\u00e4evakava T\u00e4\u00e4ksi lasteaia kodukord:\u00a0https:\/\/www.sjk.edu.ee\/et\/taksikud &nbsp;<\/p>\n","protected":false},"author":4,"featured_media":0,"parent":1172,"menu_order":2,"comment_status":"closed","ping_status":"closed","template":"","meta":{"footnotes":""},"class_list":["post-1397","page","type-page","status-publish","hentry"],"_links":{"self":[{"href":"https:\/\/www.taaksi.vil.ee\/index.php?rest_route=\/wp\/v2\/pages\/1397"}],"collection":[{"href":"https:\/\/www.taaksi.vil.ee\/index.php?rest_route=\/wp\/v2\/pages"}],"about":[{"href":"https:\/\/www.taaksi.vil.ee\/index.php?rest_route=\/wp\/v2\/types\/page"}],"author":[{"embeddable":true,"href":"https:\/\/www.taaksi.vil.ee\/index.php?rest_route=\/wp\/v2\/users\/4"}],"replies":[{"embeddable":true,"href":"https:\/\/www.taaksi.vil.ee\/index.php?rest_route=%2Fwp%2Fv2%2Fcomments&post=1397"}],"version-history":[{"count":12,"href":"https:\/\/www.taaksi.vil.ee\/index.php?rest_route=\/wp\/v2\/pages\/1397\/revisions"}],"predecessor-version":[{"id":5623,"href":"https:\/\/www.taaksi.vil.ee\/index.php?rest_route=\/wp\/v2\/pages\/1397\/revisions\/5623"}],"up":[{"embeddable":true,"href":"https:\/\/www.taaksi.vil.ee\/index.php?rest_route=\/wp\/v2\/pages\/1172"}],"wp:attachment":[{"href":"https:\/\/www.taaksi.vil.ee\/index.php?rest_route=%2Fwp%2Fv2%2Fmedia&parent=1397"}],"curies":[{"name":"wp","href":"https:\/\/api.w.org\/{rel}","templated":true}]}}