{"id":105,"date":"2013-03-21T00:58:54","date_gmt":"2013-03-20T22:58:54","guid":{"rendered":"http:\/\/www.taaksi.vil.ee\/?page_id=105"},"modified":"2022-09-06T21:27:11","modified_gmt":"2022-09-06T19:27:11","slug":"robootika","status":"publish","type":"page","link":"https:\/\/www.taaksi.vil.ee\/?page_id=105","title":{"rendered":"Robootika"},"content":{"rendered":"<h3><a style=\"font-weight: 300; font-size: 15px; line-height: 1.4em;\" href=\"http:\/\/www.robootika.ee\/flleesti\/wp-content\/uploads\/2011\/09\/FLLicon_RGB.jpg\"><img loading=\"lazy\" decoding=\"async\" title=\"Print\" src=\"http:\/\/www.robootika.ee\/flleesti\/wp-content\/uploads\/2011\/09\/FLLicon_RGB-284x300.jpg\" alt=\"\" width=\"151\" height=\"159\" \/><\/a><span style=\"font-weight: 300; color: #292929; font-size: 15px; line-height: 1.4em;\">FLL on l\u00fchend s\u00f5nadest FIRST \u00ae LEGO \u00ae League ning t\u00e4histab Dean Kamen\u2019i asutatud firma FIRST \u00ae (For Inspiration and Recognition of Science and Technology) ja LEGO Group\u2019i vahelist koost\u00f6\u00f6d.<\/span><\/h3>\n<div>\n<p>FIRST LEGO League (FLL) on \u00f5pilastele vanuses 9-16 suunatud programm,\u00a0 mille eesm\u00e4rgiks on teaduse ja tehnoloogia populariseerimine ning lastele vajalike teadmiste ja oskuste andmine.Juhindudes FLLi p\u00f5hiv\u00e4\u00e4rtustest osalevad meeskonnad iga-aastasel konkursil, mis koosneb robotiv\u00f5istlusest ja projektist. Robotiv\u00f5istluse jaoks tuleb meeskondadel ehitada ja programmeerida autonoomne LEGO Mindstorms robot. Robotiv\u00f5istluse eesm\u00e4rgiks on lahendada 2,5 minuti jooksul erinevaid \u00fclesandeid ja koguda v\u00f5imalikult palju punkte. Projekti k\u00e4igus uurivad meeskonnad kindlat t\u00f5sielulist probleemi, mida teadlased ja insenerid lahendada \u00fcritavad. Uuritavale probleemile tuleb meeskondadel leida innovatiivne lahendus v\u00f5i siis tugineda m\u00f5nele olemasolevale lahendusele. Projekti oluliseks osaks on oma avastuste ja lahenduse jagamine teiste inimestega.<\/p>\n<p><strong>2011\/12 &#8211; meie kooli v\u00f5istkond Mida Iganes v\u00f5itis presentatsioonikarika, oli robotim\u00e4ngus 14. ja \u00fcldkokkuv\u00f5ttes saavutas 4. koha.<\/strong><\/p>\n<p><strong>2012\/13 &#8211; meie kooli v\u00f5istkond M\u00fcrsikud sai P\u00f5hja-Eesti poolfinaalis 2. koha, finaalv\u00f5istlustel oli v\u00f5istkond Kadunud robotim\u00e4ngus 12, \u00fcldkokkuv\u00f5ttes<\/strong><\/p>\n<p><strong>Eduka v\u00f5istkonna Mida Iganes-M\u00fcrsikud-Kadunud koosseis: Rivo Valge, Danel Leppenen, Rando Sulg, Marta Mikkor, Laura Rink, Johanna J\u00fcrmann, juhendaja Margus Mikkor, konsultant J\u00fcri Sulg.<\/strong><\/p>\n<p><strong>2013\/14- meie kooli v\u00f5istkond Tantsul\u00f5vid sai L\u00f5una-Eesti poolfinaalis robotim\u00e4ngus parima tulemuse (348 punkti) ja parima meeskonna karika. V\u00f5istkonda kuulusid Rivo Valge, Danel Leppenen, Rando Sulg, Johanna J\u00fcrmnn ja Ketlin K\u00e4o<\/strong>.<\/p>\n<p><img loading=\"lazy\" decoding=\"async\" class=\"alignnone\" src=\"https:\/\/lh3.googleusercontent.com\/-maZIqFKUZBo\/Upz2C31OFDI\/AAAAAAAABM0\/x9dPz7WASfA\/w869-h577-no\/IMGP4191.JPG\" alt=\"\" width=\"869\" height=\"577\" \/><\/p>\n<\/div>\n","protected":false},"excerpt":{"rendered":"<p>FLL on l\u00fchend s\u00f5nadest FIRST \u00ae LEGO \u00ae League ning t\u00e4histab Dean Kamen\u2019i asutatud firma FIRST \u00ae (For Inspiration and Recognition of Science and Technology) ja LEGO Group\u2019i vahelist koost\u00f6\u00f6d. FIRST LEGO League (FLL) on \u00f5pilastele vanuses 9-16 suunatud programm,\u00a0 mille eesm\u00e4rgiks on teaduse ja tehnoloogia populariseerimine ning lastele vajalike teadmiste ja oskuste andmine.Juhindudes FLLi [&hellip;]<\/p>\n","protected":false},"author":2,"featured_media":0,"parent":40,"menu_order":6,"comment_status":"closed","ping_status":"closed","template":"","meta":{"footnotes":""},"class_list":["post-105","page","type-page","status-publish","hentry"],"_links":{"self":[{"href":"https:\/\/www.taaksi.vil.ee\/index.php?rest_route=\/wp\/v2\/pages\/105"}],"collection":[{"href":"https:\/\/www.taaksi.vil.ee\/index.php?rest_route=\/wp\/v2\/pages"}],"about":[{"href":"https:\/\/www.taaksi.vil.ee\/index.php?rest_route=\/wp\/v2\/types\/page"}],"author":[{"embeddable":true,"href":"https:\/\/www.taaksi.vil.ee\/index.php?rest_route=\/wp\/v2\/users\/2"}],"replies":[{"embeddable":true,"href":"https:\/\/www.taaksi.vil.ee\/index.php?rest_route=%2Fwp%2Fv2%2Fcomments&post=105"}],"version-history":[{"count":7,"href":"https:\/\/www.taaksi.vil.ee\/index.php?rest_route=\/wp\/v2\/pages\/105\/revisions"}],"predecessor-version":[{"id":5676,"href":"https:\/\/www.taaksi.vil.ee\/index.php?rest_route=\/wp\/v2\/pages\/105\/revisions\/5676"}],"up":[{"embeddable":true,"href":"https:\/\/www.taaksi.vil.ee\/index.php?rest_route=\/wp\/v2\/pages\/40"}],"wp:attachment":[{"href":"https:\/\/www.taaksi.vil.ee\/index.php?rest_route=%2Fwp%2Fv2%2Fmedia&parent=105"}],"curies":[{"name":"wp","href":"https:\/\/api.w.org\/{rel}","templated":true}]}}